d by 691?
389
Calculate the remainder when 8852049 is divided by 24.
9
Calculate the remainder when 70996728 is divided by 182.
166
What is the remainder when 221835 is divided by 5734?
3943
What is the remainder when 99186073 is divided by 4484?
4477
Calculate the remainder when 868324 is divided by 279.
76
Calculate the remainder when 894274 is divided by 178851.
19
Calculate the remainder when 890594 is divided by 44519.
214
What is the remainder when 774660 is divided by 373?
312
Calculate the remainder when 3795613 is divided by 3758.
33
Calculate the remainder when 14175490 is divided by 567015.
115
Calculate the remainder when 6898692 is divided by 1852.
1844
What is the remainder when 16784818 is divided by 394?
24
Calculate the remainder when 63658 is divided by 5198.
1282
Calculate the remainder when 597758 is divided by 3416.
3374
What is the remainder when 858583 is divided by 12442?
85
Calculate the remainder when 22431 is divided by 3450.
1731
What is the remainder when 462379 is divided by 56?
43
Calculate the remainder when 204210 is divided by 13613.
15
What is the remainder when 7568290 is divided by 452?
2
What is the remainder when 152049 is divided by 7238?
51
What is the remainder when 5803512 is divided by 493?
409
What is the remainder when 3135701 is divided by 31357?
1
What is the remainder when 38605030 is divided by 1930250?
30
Calculate the remainder when 37082 is divided by 11540.
2462
What is the remainder when 124951148 is divided by 41650379?
11
Calculate the remainder when 479623 is divided by 464.
311
What is the remainder when 17372655 is divided by 7?
6
What is the remainder when 106911 is divided by 1951?
1557
Calculate the remainder when 48439 is divided by 4151.
2778
What is the remainder when 148639 is divided by 10417?
2801
Calculate the remainder when 104346 is divided by 1559.
1452
What is the remainder when 10021263 is divided by 18?
15
What is the remainder when 613561 is divided by 6052?
2309
Calculate the remainder when 630712 is divided by 630619.
93
What is the remainder when 5520899 is divided by 1925?
1924
Calculate the remainder when 15580540 is divided by 14.
10
What is the remainder when 6618404 is divided by 7273?
7247
What is the remainder when 47065 is divided by 22571?
1923
What is the remainder when 6091658 is divided by 226?
54
Calculate the remainder when 8328511 is divided by 17.
7
What is the remainder when 1432829 is divided by 256?
253
Calculate the remainder when 13839063 is divided by 38.
33
What is the remainder when 181441 is divided by 179486?
1955
Calculate the remainder when 1254554 is divided by 418175.
29
What is the remainder when 2871546 is divided by 574309?
1
What is the remainder when 4463876 is divided by 4764?
8
What is the remainder when 879374 is divided by 721?
475
Calculate the remainder when 34909 is divided by 8382.
1381
What is the remainder when 27978162 is divided by 799376?
2
Calculate the remainder when 3987140 is divided by 190.
180
Calculate the remainder when 61814 is divided by 15270.
734
What is the remainder when 472273 is divided by 20474?
1371
What is the remainder when 1397135 is divided by 27935?
385
Calculate the remainder when 3043057 is divided by 19.
17
What is the remainder when 112715 is divided by 37551?
62
Calculate the remainder when 122522868 is divided by 6089.
10
Calculate the remainder when 454958 is divided by 321.
101
Calculate the remainder when 7542661 is divided by 599.
53
Calculate the remainder when 77650 is divided by 5522.
342
What is the remainder when 4829366 is divided by 5015?
4936
Calculate the remainder when 201191 is divided by 10583.
114
Calculate the remainder when 3586655 is divided by 3368.
3103
Calculate the remainder when 33619430 is divided by 4883.
4858
What is the remainder when 86227703 is divided by 1228?
1227
What is the remainder when 48835 is divided by 24338?
159
Calculate the remainder when 130609 is divided by 32516.
545
What is the remainder when 810396 is divided by 27007?
186
Calculate the remainder when 4879768 is divided by 5.
3
What is the remainder when 33212 is divided by 4100?
412
Calculate the remainder when 113859535 is divided by 316.
311
What is the remainder when 1925003 is divided by 9533?
8870
What is the remainder when 4488458 is divided by 2244221?
16
What is the remainder when 5840518 is divided by 81?
13
What is the remainder when 310563 is divided by 34505?
18
Calculate the remainder when 25142263 is divided by 285705.
223
What is the remainder when 2825373635 is divided by 11043?
11042
What is the remainder when 2180626 is divided by 33?
19
Calculate the remainder when 167051 is divided by 44.
27
Calculate the remainder when 22243 is divided by 3315.
2353
Calculate the remainder when 169984 is divided by 994.
10
Calculate the remainder when 2431649 is divided by 86.
85
What is the remainder when 34242282 is divided by 1289?
1286
What is the remainder when 494243 is divided by 159?
71
Calculate the remainder when 203930 is divided by 206.
196
Calculate the remainder when 455010 is divided by 9125.
7885
Calculate the remainder when 1893629 is divided by 91.
10
What is the remainder when 166613 is divided by 56?
13
What is the remainder when 37292523 is divided by 21911?
1
Calculate the remainder when 3816900 is divided by 17271.
9
Calculate the remainder when 2717358 is divided by 706.
670
Calculate the remainder when 45413643 is divided by 1064.
1059
What is the remainder when 11400861 is divided by 309?
306
What is the remainder when 99641423 is divided by 358?
357
Calculate the remainder when 10053875 is divided by 437125.
0
What is the remainder when 208724 is divided by 103534?
1656
Calculate the remainder when 18575993 is divided by 165857.
9
What is the remainder when 59878 is divided by 256?
230
Calculate the remainder when 251631 is divided by 725.
56
Calculate the remainder when 3936895 is divided by 49834.
9
Calculate the remainder when 362800 is divided by 969.
394
What is the remainder when 375163 is divided by 2389?
90
What is the remainder when 53971019 is divided by 258?
257
What is the remainder when 1438335 is divided by 89895?
15
What is the remainder when 242313 is divided by 2689?
303
Calculate the remainder when 1323106 is divided by 237.
172
What is the remainder when 21165524 is divided by 1175861?
26
What is the remainder when 181526 is divided by 6721?
59
Calculate the remainder when 20841443 is divided by 1864.
59
Calculate the remainder when 174999 is divided by 467.
341
Calculate the remainder when 728879 is divided by 359.
109
Calculate the remainder when 81757750 is divided by 520750.
0
Calculate the remainder when 1100447545 is divided by 778.
777
Calculate the remainder when 16151598 is divided by 50.
48
What is the remainder when 46374301 is divided by 539236?
5
What is the remainder when 4359741 is divided by 88973?
64
Calculate the remainder when 847019 is divided by 169121.
1414
Calculate the remainder when 205061 is divided by 204634.
427
What is the remainder when 127111191 is divided by 938?
935
Calculate the remainder when 141906 is divided by 140505.
1401
What is the remainder when 813731 is divided by 203432?
3
What is the remainder when 1981733 is divided by 330254?
209
Calculate the remainder when 988056 is divided by 988041.
15
Calculate the remainder when 18420819 is divided by 79400.
19
What is the remainder when 152317945 is divided by 38?
37
Calculate the remainder when 7523059 is divided by 47.
4
What is the remainder when 131066 is divided by 489?
14
Calculate the remainder when 66524 is divided by 6034.
150
Calculate the remainder when 902708 is divided by 316.
212
Calculate the remainder when 472199 is divided by 94187.
1264
What is the remainder when 301581 is divided by 163?
31
Calculate the remainder when 7907 is divided by 106.
63
What is the remainder when 93355 is divided by 30760?
1075
Calculate the remainder when 229864 is divided by 8145.
1804
Calculate the remainder when 127025953 is divided by 1054.
1035
Calculate the remainder when 3119516527 is divided by 9717.
9715
Calculate the remainder when 827823 is divided by 8748.
5511
Calculate the remainder when 7460563 is divided by 294.
19
What is the remainder w